 3*b - j - 1125. What are the prime factors of b?
3, 5
List the prime factors of 14/10 - (-18584432)/1520.
2, 3, 1019
Suppose -42 = 2*t - 2*b, 2*t + 5*b = -2*t - 66. Let y(c) = -c**3 - 15*c**2 + 8*c - 2. What are the prime factors of y(t)?
2, 3, 5, 43
Suppose -5*q - 11*p + 16*p = -10, 3*q + 5*p = 22. What are the prime factors of (-3555)/(-27) + q/(-6)?
131
List the prime factors of -1 + -1 + 148 + 47 + -49.
2, 3
Let z(b) = 6*b + 60. Let t be z(-7). What are the prime factors of 8/t - (-106128)/324?
2, 41
Suppose 124*q - 333*q + 1862399 = 0. List the prime factors of q.
7, 19, 67
Suppose 3*n - 125 = -i, 2*i - 10*n - 230 = -12*n. Suppose 114*s - i*s - 120 = 0. What are the prime factors of s?
2, 3, 5
Let m = 147 + -142. Suppose m*o - 3*o - 594 = 0. List the prime factors of o.
3, 11
Let s(q) = q**2 + 13*q + 13. Let k be s(-12). Let t = k - -3. What are the prime factors of (-381)/(-5) - t/20?
2, 19
Let o(r) = r + 22. Let b be o(-16). Suppose s - t + 30 = 0, b*s + 3*t + 174 = s. Let a = s + 67. What are the prime factors of a?
2, 17
Suppose 15*h = 24*h - 153. Suppose 400 = 37*t - h*t. List the prime factors of t.
2, 5
Suppose -f + 2 = -4. Suppose -5*a - 11 = -f. List the prime factors of (-1)/(a - -2)*-64 + 3.
67
Let h(x) = -2337*x + 495. List the prime factors of h(-3).
2, 3, 139
Let a(l) = -34*l + 19. Let h be a(-4). Let v = 43 + h. Suppose -3*q + 4*f = -v, 45 + 20 = q - f. List the prime factors of q.
2, 31
Let w = -60 + 62. Suppose -4*r = w*r + 720. Let z = 244 + r. What are the prime factors of z?
2, 31
Let c = -62 + 448. Suppose -u + 5*i = -c, 5*u - 36*i + 33*i = 2040. What are the prime factors of u?
3, 137
Let o = 1619 - 245. Let g = o + -908. What are the prime factors of g?
2, 233
Suppose 2*f + 23 = 27. Suppose -f*q - 65 = 3*q. Let j = 62 - q. What are the prime factors of j?
3, 5
Let p = 17978 - 11125. What are the prime factors of p?
7, 11, 89
Let c = -21444 + 30840. What are the prime factors of c?
2, 3, 29
Let y(i) be the first derivative of -i**3/3 + 15*i**2 + 3*i - 97. List the prime factors of y(18).
3, 73
Let t = 24049 - 16495. List the prime factors of t.
2, 3, 1259
Let w be (-46)/(-6) + 5/15. Suppose -w*o + 3*o = -20. List the prime factors of (-21)/(-28) - (-177)/o.
3, 5
Suppose 221*c = 294*c - 730876. List the prime factors of c.
2, 2503
Suppose -c - 3*c + 37006 = 2*r, -r = -2*c + 18497. What are the prime factors of c?
2, 5, 37
Let u = -43 - 4. Let n = -231 + 138. Let z = u - n. What are the prime factors of z?
2, 23
List the prime factors of (28381 - (0 - 27)) + 1 + 9.
2, 13, 1093
Let a be 6*6/234 + (-315)/(-65). Suppose 2*m + 2590 = a*b, -16*m = -18*m + 10. List the prime factors of b.
2, 5, 13
Let s = 60795 - 28803. What are the prime factors of s?
2, 3, 31, 43
Let i(r) = -18*r**3 + 8*r**2 + 7*r - 22. List the prime factors of i(-6).
2, 257
Let r(i) = i**2 - 7*i. Let l be r(7). Suppose b - 83 - 304 = l. List the prime factors of b.
3, 43
Let q(x) = -374*x**3 + x. Let r be q(-1). Let a = 883 - r. Suppose 5*d = -3*k - 2*k + a, k - 5*d - 126 = 0. List the prime factors of k.
2, 53
Let r(k) = -5*k**3 - 4*k**2 - 5 - 8*k**3 - 6*k + k**2 + 0*k. Let d be r(-3). Suppose 99 = 4*f - d. What are the prime factors of f?
109
Let i be (196/(-6))/(-7)*(-279)/(-6). Let h = 361 - i. What are the prime factors of h?
2, 3
Let p = -8414 - -18027. List the prime factors of p.
9613
Let r = -600 + 896. Suppose -40 - r = -16*m. List the prime factors of m.
3, 7
Suppose -6 = -2*m, 0*m + 64598 = 5*a + 6*m. List the prime factors of a.
2, 3229
Suppose w = -0*b - 3*b + 192, 3*w + b = 544. Let j be (-1)/(3 - 545/w). Let y = j + 51. List the prime factors of y.
3, 29
Let d(h) = 2*h**3 - 11*h**2 + 12*h + 3. Let n be d(8). Suppose -f - 4*x = -2*x - n, -2*f - 5*x = -841. What are the prime factors of f?
7, 59
Suppose -685*h + 723*h = 66956. List the prime factors of h.
2, 881
Let m = -152 + 155. Suppose -301 = -3*s - 2*w, -321 = 4*s - 7*s + m*w. List the prime factors of s.
103
Suppose -9*b = 176 - 95. List the prime factors of (5 + 24/b)*222.
2, 7, 37
Let q(v) = 2269*v - 1120. What are the prime factors of q(9)?
19301
Let y(g) = -148*g**3 - 6*g**2 - 52*g - 297. What are the prime factors of y(-6)?
3, 10589
Let z be (5 - 399/6)*(-1 - -3). What are the prime factors of (z/(-2) + -1)*(-2 - -8)?
3, 11
What are the prime factors of 6/(24/75500) + 25/(14 - 9)?
2, 5, 59
Suppose 0 = 19*g - 22*g + 177. Suppose -3*i - g + 743 = 0. Suppose 3*w - 381 = -i. List the prime factors of w.
3, 17
List the prime factors of (-11)/22 - ((-63)/(-12))/(3/(-8478)).
2, 3709
Suppose 5*v + 2*t = 104956, -5*t - 11030 - 30935 = -2*v. List the prime factors of v.
2, 5, 2099
Let l(b) = -b**3 - 49*b**2 - 139*b - 36. Let q be l(-46). Suppose -2*x - 93 = -w, -q = x - 6*x. List the prime factors of w.
97
List the prime factors of 133654/51 + (-14)/21.
2, 5, 131
Suppose -87*v + 133467 = -63066. List the prime factors of v.
3, 251
Let m(a) = -4*a**2 - 15*a + 56. Let q(w) = -w**2 + 1. Let b(k) = -m(k) + 3*q(k). What are the prime factors of b(16)?
443
Let h(j) = 780*j**2 + 7*j + 104. What are the prime factors of h(8)?
2, 5, 313
Let i(r) = 33302*r**3 - 12*r**2 + 20*r - 9. List the prime factors of i(1).
33301
Suppose 5*f = -16*f + 1239. Suppose 41*s + 10512 = f*s. List the prime factors of s.
2, 73
Suppose 0 = -171*m + 167*m + 25020. List the prime factors of m.
3, 5, 139
Suppose 2*i + 18 = r + 3, i - 3 = -3*r. What are the prime factors of (i + 135/18)*(-886)/(-3)?
443
Let i(f) = -8 - f + 7*f - 7*f. Let g be i(-8). Suppose g = 2*h + 3*h - 150. List the prime factors of h.
2, 3, 5
Let c(b) = b**2 + b + 2. Let k be c(0). Suppose 36 = s - 21. Suppose s + 87 = k*h. What are the prime factors of h?
2, 3
Suppose -5*x = 3 - 13. Let d be (-10)/(-4)*852/10. Suppose x*i + d = 4*j - i, j - 32 = 5*i. List the prime factors of j.
3, 19
Let d(q) = 195*q**2 - 10*q + 149. List the prime factors of d(8).
3, 47, 89
Let s(u) = -20*u + 19. Let t = 3 - 14. Let p be s(t). Suppose -z + 2*x = -45, 0*x + 4*x - p = -5*z. What are the prime factors of z?
47
What are the prime factors of -3 + 55/20 - 188019/(-12)?
2, 3917
Let v be (2 - 7)/(2/(-2)). Suppose 0*y = v*b - 5*y - 180, 0 = -b + 5*y + 52. Suppose -2*r = -0*r - b. What are the prime factors of r?
2
Suppose -25*l + 3*l = 76912. What are the prime factors of l/(-5) - ((-114)/30 + 3)?
2, 5, 7
Let y be -5 - ((-11023)/(-2) + 5/10). Let k = -3596 - y. What are the prime factors of k?
17, 113
Let m be (6 - (3 + 1)) + 1 + 1. Let z(q) = -q**2 + 5*q - 1. Let n be z(m). Suppose -5*h + 2*c + 32 = -302, 2*h + n*c = 126. List the prime factors of h.
2, 3, 11
Suppose 7501802 = 423*k - 8364070 - 10597854. List the prime factors of k.
2, 3, 10427
Let f(w) = -w**2 + 12*w + 15. Let m = 7 - -3. Let s be f(m). Suppose -s = 4*b - 115. What are the prime factors of b?
2, 5
Suppose 0 = -21*y + 212155 + 408109 + 120028. What are the prime factors of y?
2, 7, 1259
Suppose 2*h = -d + 22, 0 = 2*h + 3*d - 26 + 4. Suppose z - 2*r - 65 = 0, 3*z + 3*r - h = 139. Let i = -51 + z. What are the prime factors of i?
2
Let f be (12 - 10)/(2/184). Let y = f + -20. What are the prime factors of y?
2, 41
Suppose 29 = 9*m + 2. Suppose -5*c + 3*g + 0*g = -1539, -m*c + 2*g = -924. List the prime factors of c.
2, 3, 17
Let v be 15*26/65 + (0 - 140). Let b = -63 - 175. Let j = v - b. List the prime factors of j.
2, 13
Let o = -251 + 253. Suppose -5*d = -10*d + o*f + 4549, 0 = 4*f + 8. What are the prime factors of d?
3, 101
Let b(y) = -y**2 + 7*y + 123. Let c be b(-8). What are the prime factors of (1743 - 1) + (c - 10)?
5, 347
Let n(b) = 7*b**3 + 4*b**2 - 58*b + 15. What are the prime factors of n(13)?
2, 7, 547
Let o = 27300 - 11660. What are the prime factors of o?
2, 5, 17, 23
Suppose 2*g + 4 = 0, 5*b - 2*g + 48 + 8 = 0. Let u(l) = -3*l + 1 + 20 - 2. What are the prime factors of u(b)?
5, 11
Let r = -475 + 476. List the prime factors of ((-4214)/(-129))/(r/6).
2, 7
Let c(r) = -34*r**3 + r**2 + 64*r + 7. What are the prime factors of c(-7)?
2, 5, 7, 23
Let a = -192 - -196. Suppose 4*v = 4*u + 1880, 0 = -v - a*u - 0*u + 495. List the prime factors of v.
5, 19
Suppose -37*x + 115718 = -492340. Suppose -81*k = -72*k - x. List the prime factors of k.
2, 11, 83
Suppose -24502 + 8349 = -5*b - 2*d, 129